e
Is 6501492707 composite?
False
Is 2313609923 a prime number?
True
Is 10421001197 a composite number?
True
Is 1592413699 composite?
False
Is 1908621413 a prime number?
True
Is 15645211759 composite?
True
Is 140511263 a prime number?
True
Is 371905033 a prime number?
False
Is 193987583807 prime?
True
Is 1160463583 a prime number?
True
Is 211973149 a prime number?
False
Is 43541117441 composite?
True
Is 3562263601 a prime number?
False
Is 448693603 a composite number?
False
Is 16385796107 a composite number?
True
Is 1579604151 composite?
True
Is 26290686871 composite?
True
Is 126140495587 composite?
False
Is 87175833149 a prime number?
True
Is 7143194237 composite?
False
Is 1191386654 prime?
False
Is 4982053891 a prime number?
False
Is 9705967211 a composite number?
False
Is 2704248913 a prime number?
True
Is 4330768217 a composite number?
False
Is 21079651609 composite?
False
Is 17891393393 a composite number?
False
Is 63128581 prime?
True
Is 673494719 composite?
False
Is 14099060797 prime?
True
Is 1724333521 composite?
True
Is 7624475527 prime?
True
Is 4084035143 a prime number?
True
Is 340917341 composite?
False
Is 2188056659 prime?
False
Is 84750850603 composite?
True
Is 26338572317 prime?
True
Is 1261408843 a prime number?
False
Is 283916231 a composite number?
False
Is 12791433397 composite?
False
Is 26904775741 composite?
False
Is 38101372313 a composite number?
False
Is 54086554727 prime?
False
Is 28154555531 prime?
True
Is 2584689799 prime?
False
Is 317814467 prime?
False
Is 25317524359 a composite number?
True
Is 3273164183 composite?
False
Is 147491921 a composite number?
True
Is 5124385757 a composite number?
True
Is 318294985 a prime number?
False
Is 4010084033 a prime number?
True
Is 542374169 composite?
False
Is 6601246343 prime?
False
Is 36631176799 prime?
False
Is 1802341033 composite?
False
Is 131978773 a prime number?
False
Is 185273938 a prime number?
False
Is 1114241539 composite?
True
Is 279981847 composite?
False
Is 30196127299 prime?
False
Is 86245969 composite?
False
Is 812781929 prime?
True
Is 2437262041 a composite number?
True
Is 17298321461 composite?
False
Is 518289749 prime?
False
Is 800624859 a prime number?
False
Is 5455228897 prime?
True
Is 143735560363 prime?
True
Is 4649755387 prime?
True
Is 2693114569 composite?
True
Is 80358117667 prime?
True
Is 16840631195 prime?
False
Is 27747875377 composite?
False
Is 8830234177 a prime number?
True
Is 2938205881 a composite number?
True
Is 83054617 composite?
False
Is 607441097 prime?
True
Is 50456690122 prime?
False
Is 525082721 a prime number?
True
Is 66627293 composite?
False
Is 355276373 prime?
True
Is 2118083407 a composite number?
True
Is 71848659151 a composite number?
False
Is 35421178567 prime?
True
Is 178622803 prime?
False
Is 73280951 a composite number?
True
Is 3535021407 prime?
False
Is 393653707 composite?
False
Is 9841628107 composite?
False
Is 12743365981 a prime number?
True
Is 26501505521 a composite number?
False
Is 570045761 a prime number?
True
Is 150496933 a prime number?
False
Is 294582543457 composite?
False
Is 1364016841 prime?
False
Is 12512994869 prime?
True
Is 24724083211 a prime number?
False
Is 3552056219 prime?
False
Is 25039667 a prime number?
True
Is 114148249 a composite number?
False
Is 131183317 a composite number?
False
Is 6737933519 a composite number?
False
Is 5719082843 a composite number?
False
Is 6783933029 prime?
True
Is 1891700689 a composite number?
True
Is 11920908553 prime?
True
Is 1742140429 a composite number?
False
Is 4799657609 composite?
False
Is 19918667129 composite?
False
Is 19893641137 composite?
True
Is 28757947189 prime?
True
Is 325084009 a composite number?
True
Is 113023069 composite?
True
Is 48148187 a composite number?
False
Is 4370011427 composite?
False
Is 19156601531 a composite number?
False
Is 11295844681 a composite number?
True
Is 218685373 a composite number?
False
Is 8683631053 a prime number?
False
Is 501923502817 composite?
True
Is 142698572683 composite?
True
Is 4977565429 a prime number?
True
Is 952895741 a prime number?
False
Is 154435187 prime?
True
Is 175808785 composite?
True
Is 221460727 prime?
False
Is 4190489447 prime?
False
Is 167176201 a prime number?
True
Is 1458427237 composite?
True
Is 5652592289 a composite number?
True
Is 668229697 a composite number?
True
Is 2159473387 a composite number?
False
Is 72508855 a prime number?
False
Is 821813869 a composite number?
True
Is 412713803 composite?
False
Is 4647113837 composite?
False
Is 236325543589 composite?
False
Is 7989793111 composite?
False
Is 399471959 a composite number?
False
Is 95407970995 a composite number?
True
Is 512643697 composite?
True
Is 412196542 a composite number?
True
Is 394539001 a composite number?
False
Is 15183184153 a prime number?
False
Is 1372159457 composite?
False
Is 6041686247 a prime number?
True
Is 839598897 composite?
True
Is 9209278681 a composite number?
True
Is 58209737413 composite?
True
Is 18480198389 prime?
True
Is 22190854594 a composite number?
True
Is 23844970739 a composite number?
False
Is 164750041 composite?
False
Is 2788585295 prime?
False
Is 3825826981 prime?
False
Is 19857698503 prime?
True
Is 46167943211 composite?
True
Is 679860113 a prime number?
True
Is 71400583057 a composite number?
False
Is 526387447 a composite number?
False
Is 44215802705 a composite number?
True
Is 5158126469 composite?
False
Is 90828026231 prime?
False
Is 1488375599 a prime number?
True
Is 3423230183 a composite number?
False
Is 19985723461 a prime number?
False
Is 3441423638 a composite number?
True
Is 729372103 prime?
True
Is 1203671089 composite?
True
Is 7290192787 prime?
False
Is 7021693187 a composite number?
False
Is 2431999931 composite?
False
Is 46714373 a composite number?
False
Is 873485183 prime?
False
Is 1994864647 composite?
False
Is 15830271417 a prime number?
False
Is 413733041 a prime number?
True
Is 2882113441 prime?
True
Is 57103415227 a composite number?
True
Is 183330532685 a composite number?
True
Is 8540003881 composite?
False
Is 9208503749 composite?
False
Is 4187596909 a prime number?
True
Is 4006360741 composite?
False
Is 121928915 a prime number?
False
Is 73301494111 composite?
False
Is 35417066177 prime?
True
Is 768466943 composite?
False
Is 31960302691 a composite number?
False
Is 80818965739 a prime number?
True
Is 3403926319 composite?
False
Is 19724268541 a prime number?
True
Is 30832420313 a composite number?
False
Is 5970302755 a composite number?
True
Is 2766198073 composite?
False
Is 4659740779 composite?
False
Is 105024629219 a prime number?
False
Is 660648227 a composite number?
False
Is 5874752841 prime?
False
Is 1949108599 a prime number?
False
Is 83312583013 prime?
False
Is 734180253 prime?
False
Is 3121730467 a prime number?
True
Is 2204948329 composite?
True
Is 65732085547 a composite number?
False
Is 647063569 a composite number?
False
Is 120169859 prime?
False
Is 1155128311 composite?
True
Is 42380764682 a composite number?
True
Is 1844183431 a composite number?
True
Is 5342708374 a prime number?
False
Is 2539021531 prime?
True
Is 11696065411 a prime number?
True
Is 49565513 a prime number?
False
Is 1450936037 prime?
True
Is 3065530781 prime?
False
Is 3549204453 composite?
True
Is 11419269437 a prime number?
True
Is 38863016503 composite?
True
Is 2218301333 prime?
True
Is 2576663 composite?
False
Is 223443821 a prime number?
True
Is 8258843767 a composite number?
False
Is 4149434089 composite?
False
Is 6796264427 prime?
False
Is 212535443 a composite number?
False
Is 1403072149 a prime number?
True
Is 28843562633 a composite number?
True
Is 5300655973 a prime number?
True
Is 1703663237 a prime number?
True
Is 1127729677 a composite number?
False
Is 40657337191 composite?
False
Is 19309454237 a composite number?
False
Is 9506726807 prime?
True
Is 3666633377 composite?
True
Is 76018233677 a composite number?
True
Is 42136943999 a prime number?
True
Is 61903320923 a composite number?
True
Is 5629279031 composite?
True
Is 957489917 prime?
True
Is 1643675479 prime?
True
Is 428408801 a prime number?
True
Is 1327689131 a composite number?
False
Is 322834297 composite?
False
Is 4224136283 a composite number?
False
Is 5356065107 prime?
False
Is 31979377 a composite number?
